[INFO] cloning repository https://github.com/AskoldMakaruk/rust_renderer_2
[INFO] running `Command { std: "git" "-c" "credential.helper=" "-c" "credential.helper=/workspace/cargo-home/bin/git-credential-null" "clone" "--bare" "https://github.com/AskoldMakaruk/rust_renderer_2" "/workspace/cache/git-repos/https%3A%2F%2Fgithub.com%2FAskoldMakaruk%2Frust_renderer_2", kill_on_drop: false }`
[INFO] [stderr] Cloning into bare repository '/workspace/cache/git-repos/https%3A%2F%2Fgithub.com%2FAskoldMakaruk%2Frust_renderer_2'...
[INFO] running `Command { std: "git" "rev-parse" "HEAD", kill_on_drop: false }`
[INFO] [stdout] 6262ec05dc9541f1c88a345b2bb16b93a80e8480
[INFO] checking AskoldMakaruk/rust_renderer_2 against master#e6e4f7ed1589e03bc2f6c5931c1a72e7947e8682 for beta-170-4
[INFO] running `Command { std: "git" "clone" "/workspace/cache/git-repos/https%3A%2F%2Fgithub.com%2FAskoldMakaruk%2Frust_renderer_2" "/workspace/builds/worker-3-tc2/source", kill_on_drop: false }`
[INFO] [stderr] Cloning into '/workspace/builds/worker-3-tc2/source'...
[INFO] [stderr] done.
[INFO] validating manifest of git repo https://github.com/AskoldMakaruk/rust_renderer_2 on toolchain e6e4f7ed1589e03bc2f6c5931c1a72e7947e8682
[INFO] running `Command { std: CARGO_HOME="/workspace/cargo-home" RUSTUP_HOME="/workspace/rustup-home" "/workspace/cargo-home/bin/cargo" "+e6e4f7ed1589e03bc2f6c5931c1a72e7947e8682" "metadata" "--manifest-path" "Cargo.toml" "--no-deps", kill_on_drop: false }`
[INFO] started tweaking git repo https://github.com/AskoldMakaruk/rust_renderer_2
[INFO] finished tweaking git repo https://github.com/AskoldMakaruk/rust_renderer_2
[INFO] tweaked toml for git repo https://github.com/AskoldMakaruk/rust_renderer_2 written to /workspace/builds/worker-3-tc2/source/Cargo.toml
[INFO] crate git repo https://github.com/AskoldMakaruk/rust_renderer_2 already has a lockfile, it will not be regenerated
[INFO] running `Command { std: CARGO_HOME="/workspace/cargo-home" RUSTUP_HOME="/workspace/rustup-home" "/workspace/cargo-home/bin/cargo" "+e6e4f7ed1589e03bc2f6c5931c1a72e7947e8682" "fetch" "--manifest-path" "Cargo.toml", kill_on_drop: false }`
[INFO] running `Command { std: "docker" "create" "-v" "/var/lib/crater-agent-workspace/builds/worker-3-tc2/target:/opt/rustwide/target:rw,Z" "-v" "/var/lib/crater-agent-workspace/builds/worker-3-tc2/source:/opt/rustwide/workdir:ro,Z" "-v" "/var/lib/crater-agent-workspace/cargo-home:/opt/rustwide/cargo-home:ro,Z" "-v" "/var/lib/crater-agent-workspace/rustup-home:/opt/rustwide/rustup-home:ro,Z" "-e" "SOURCE_DIR=/opt/rustwide/workdir" "-e" "CARGO_TARGET_DIR=/opt/rustwide/target" "-e" "CARGO_HOME=/opt/rustwide/cargo-home" "-e" "RUSTUP_HOME=/opt/rustwide/rustup-home" "-w" "/opt/rustwide/workdir" "-m" "1610612736" "--user" "0:0" "--network" "none" "ghcr.io/rust-lang/crates-build-env/linux@sha256:19e73879b68f455e41552ea35293514db52ea292d993f571636dbffedb77a1ee" "/opt/rustwide/cargo-home/bin/cargo" "+e6e4f7ed1589e03bc2f6c5931c1a72e7947e8682" "metadata" "--no-deps" "--format-version=1", kill_on_drop: false }`
[INFO] [stdout] 135a8b8c6323a2b9b88098e1a28c7ae50d210d744a584718946ce3264e6735ff
[INFO] running `Command { std: "docker" "start" "-a" "135a8b8c6323a2b9b88098e1a28c7ae50d210d744a584718946ce3264e6735ff", kill_on_drop: false }`
[INFO] running `Command { std: "docker" "inspect" "135a8b8c6323a2b9b88098e1a28c7ae50d210d744a584718946ce3264e6735ff", kill_on_drop: false }`
[INFO] running `Command { std: "docker" "rm" "-f" "135a8b8c6323a2b9b88098e1a28c7ae50d210d744a584718946ce3264e6735ff", kill_on_drop: false }`
[INFO] [stdout] 135a8b8c6323a2b9b88098e1a28c7ae50d210d744a584718946ce3264e6735ff
[INFO] running `Command { std: "docker" "create" "-v" "/var/lib/crater-agent-workspace/builds/worker-3-tc2/target:/opt/rustwide/target:rw,Z" "-v" "/var/lib/crater-agent-workspace/builds/worker-3-tc2/source:/opt/rustwide/workdir:ro,Z" "-v" "/var/lib/crater-agent-workspace/cargo-home:/opt/rustwide/cargo-home:ro,Z" "-v" "/var/lib/crater-agent-workspace/rustup-home:/opt/rustwide/rustup-home:ro,Z" "-e" "SOURCE_DIR=/opt/rustwide/workdir" "-e" "CARGO_TARGET_DIR=/opt/rustwide/target" "-e" "CARGO_INCREMENTAL=0" "-e" "RUST_BACKTRACE=full" "-e" "RUSTFLAGS=--cap-lints=forbid" "-e" "RUSTDOCFLAGS=--cap-lints=forbid" "-e" "CARGO_HOME=/opt/rustwide/cargo-home" "-e" "RUSTUP_HOME=/opt/rustwide/rustup-home" "-w" "/opt/rustwide/workdir" "-m" "1610612736" "--user" "0:0" "--network" "none" "ghcr.io/rust-lang/crates-build-env/linux@sha256:19e73879b68f455e41552ea35293514db52ea292d993f571636dbffedb77a1ee" "/opt/rustwide/cargo-home/bin/cargo" "+e6e4f7ed1589e03bc2f6c5931c1a72e7947e8682" "check" "--frozen" "--all" "--all-targets" "--message-format=json", kill_on_drop: false }`
[INFO] [stdout] c1f03608c60265f3d7f42990283001a4ff02c11b0e80be41b512a50a1206f49c
[INFO] running `Command { std: "docker" "start" "-a" "c1f03608c60265f3d7f42990283001a4ff02c11b0e80be41b512a50a1206f49c", kill_on_drop: false }`
[INFO] [stderr]    Compiling libc v0.2.132
[INFO] [stderr]    Compiling xml-rs v0.8.4
[INFO] [stderr]    Compiling log v0.4.17
[INFO] [stderr]    Compiling pkg-config v0.3.25
[INFO] [stderr]    Compiling proc-macro2 v1.0.43
[INFO] [stderr]    Compiling unicode-ident v1.0.3
[INFO] [stderr]     Checking libloading v0.7.3
[INFO] [stderr]    Compiling memchr v2.5.0
[INFO] [stderr]     Checking once_cell v1.13.1
[INFO] [stderr]     Checking dlib v0.5.0
[INFO] [stderr]     Checking downcast-rs v1.2.0
[INFO] [stderr]     Checking scoped-tls v1.0.0
[INFO] [stderr]     Checking minimal-lexical v0.2.1
[INFO] [stderr]    Compiling lock_api v0.4.8
[INFO] [stderr]     Checking instant v0.1.12
[INFO] [stderr]    Compiling winit v0.26.1
[INFO] [stderr]    Compiling cc v1.0.73
[INFO] [stderr]    Compiling gl_generator v0.14.0
[INFO] [stderr]     Checking nom v7.1.1
[INFO] [stderr]    Compiling wayland-sys v0.29.5
[INFO] [stderr]    Compiling quote v1.0.21
[INFO] [stderr]    Compiling x11-dl v2.20.0
[INFO] [stderr]    Compiling wayland-scanner v0.29.5
[INFO] [stderr]    Compiling smithay-client-toolkit v0.15.4
[INFO] [stderr]    Compiling glutin_egl_sys v0.1.6
[INFO] [stderr]    Compiling glutin_glx_sys v0.1.8
[INFO] [stderr]     Checking cty v0.2.2
[INFO] [stderr]     Checking nix v0.24.2
[INFO] [stderr]     Checking nix v0.22.3
[INFO] [stderr]     Checking parking_lot_core v0.8.5
[INFO] [stderr]     Checking xcursor v0.3.4
[INFO] [stderr]     Checking memmap2 v0.3.1
[INFO] [stderr]     Checking parking_lot v0.11.2
[INFO] [stderr]    Compiling backtrace v0.3.66
[INFO] [stderr]     Checking raw-window-handle v0.4.3
[INFO] [stderr]     Checking mio v0.8.4
[INFO] [stderr]     Checking shared_library v0.1.9
[INFO] [stderr]    Compiling wayland-client v0.29.5
[INFO] [stderr]    Compiling wayland-protocols v0.29.5
[INFO] [stderr]     Checking gimli v0.26.2
[INFO] [stderr]     Checking percent-encoding v2.1.0
[INFO] [stderr]     Checking miniz_oxide v0.5.3
[INFO] [stderr]     Checking osmesa-sys v0.1.2
[INFO] [stderr]     Checking wayland-commons v0.29.5
[INFO] [stderr]    Compiling glium v0.31.0
[INFO] [stderr]     Checking object v0.29.0
[INFO] [stderr]     Checking rustc-demangle v0.1.21
[INFO] [stderr]     Checking fnv v1.0.7
[INFO] [stderr]     Checking takeable-option v0.5.0
[INFO] [stderr]     Checking calloop v0.9.3
[INFO] [stderr]     Checking wayland-cursor v0.29.5
[INFO] [stderr]     Checking wayland-egl v0.29.5
[INFO] [stderr]     Checking addr2line v0.17.0
[INFO] [stderr]     Checking glutin v0.28.0
[INFO] [stderr]     Checking pixel-canvas v0.2.3
[INFO] [stderr]     Checking rust-renderer v0.1.0 (/opt/rustwide/workdir)
[INFO] [stdout] error[E0369]: binary operation `>` cannot be applied to type `Hit`
[INFO] [stdout]   --> src/main.rs:29:10
[INFO] [stdout]    |
[INFO] [stdout] 29 |     if t > 0.0 {
[INFO] [stdout]    |        - ^ --- {float}
[INFO] [stdout]    |        |
[INFO] [stdout]    |        Hit
[INFO] [stdout]    |
[INFO] [stdout] note: an implementation of `PartialOrd<{float}>` might be missing for `Hit`
[INFO] [stdout]   --> src/math/hit.rs:8:1
[INFO] [stdout]    |
[INFO] [stdout] 8  | pub struct Hit {
[INFO] [stdout]    | ^^^^^^^^^^^^^^ must implement `PartialOrd<{float}>`
[INFO] [stdout] note: the trait `PartialOrd` must be implemented
[INFO] [stdout]   --> /rustc/e6e4f7ed1589e03bc2f6c5931c1a72e7947e8682/library/core/src/cmp.rs:1027:1
[INFO] [stdout] 
[INFO] [stdout] 
[INFO] [stdout] error[E0369]: binary operation `>` cannot be applied to type `Hit`
[INFO] [stdout]   --> src/main.rs:29:10
[INFO] [stdout]    |
[INFO] [stdout] 29 |     if t > 0.0 {
[INFO] [stdout]    |        - ^ --- {float}
[INFO] [stdout]    |        |
[INFO] [stdout]    |        Hit
[INFO] [stdout]    |
[INFO] [stdout] note: an implementation of `PartialOrd<{float}>` might be missing for `Hit`
[INFO] [stdout]   --> src/math/hit.rs:8:1
[INFO] [stdout]    |
[INFO] [stdout] 8  | pub struct Hit {
[INFO] [stdout]    | ^^^^^^^^^^^^^^ must implement `PartialOrd<{float}>`
[INFO] [stdout] note: the trait `PartialOrd` must be implemented
[INFO] [stdout]   --> /rustc/e6e4f7ed1589e03bc2f6c5931c1a72e7947e8682/library/core/src/cmp.rs:1027:1
[INFO] [stdout] 
[INFO] [stdout] 
[INFO] [stdout] error[E0308]: mismatched types
[INFO] [stdout]   --> src/main.rs:30:23
[INFO] [stdout]    |
[INFO] [stdout] 30 |         let N = (r.at(t) - Vec3::new(0.0, 0.0, -1.0)).unit_vec();
[INFO] [stdout]    |                    -- ^ expected `f32`, found `Hit`
[INFO] [stdout]    |                    |
[INFO] [stdout]    |                    arguments to this method are incorrect
[INFO] [stdout]    |
[INFO] [stdout] note: method defined here
[INFO] [stdout]   --> src/math/ray.rs:14:12
[INFO] [stdout]    |
[INFO] [stdout] 14 |     pub fn at(&self, t: f32) -> Point {
[INFO] [stdout]    |            ^^        ------
[INFO] [stdout] 
[INFO] [stdout] 
[INFO] [stdout] error[E0308]: mismatched types
[INFO] [stdout]   --> src/main.rs:30:23
[INFO] [stdout]    |
[INFO] [stdout] 30 |         let N = (r.at(t) - Vec3::new(0.0, 0.0, -1.0)).unit_vec();
[INFO] [stdout]    |                    -- ^ expected `f32`, found `Hit`
[INFO] [stdout]    |                    |
[INFO] [stdout]    |                    arguments to this method are incorrect
[INFO] [stdout]    |
[INFO] [stdout] note: method defined here
[INFO] [stdout]   --> src/math/ray.rs:14:12
[INFO] [stdout]    |
[INFO] [stdout] 14 |     pub fn at(&self, t: f32) -> Point {
[INFO] [stdout]    |            ^^        ------
[INFO] [stdout] 
[INFO] [stdout] 
[INFO] [stdout] error: aborting due to 2 previous errors
[INFO] [stdout] 
[INFO] [stdout] 
[INFO] [stdout] Some errors have detailed explanations: E0308, E0369.
[INFO] [stdout] 
[INFO] [stdout] For more information about an error, try `rustc --explain E0308`.
[INFO] [stdout] 
[INFO] [stdout] error: aborting due to 2 previous errors
[INFO] [stdout] 
[INFO] [stdout] 
[INFO] [stdout] Some errors have detailed explanations: E0308, E0369.
[INFO] [stdout] 
[INFO] [stdout] For more information about an error, try `rustc --explain E0308`.
[INFO] [stdout] 
[INFO] [stderr] error: could not compile `rust-renderer` (bin "rust-renderer" test) due to 3 previous errors
[INFO] [stderr] warning: build failed, waiting for other jobs to finish...
[INFO] [stderr] error: could not compile `rust-renderer` (bin "rust-renderer") due to 3 previous errors
[INFO] running `Command { std: "docker" "inspect" "c1f03608c60265f3d7f42990283001a4ff02c11b0e80be41b512a50a1206f49c", kill_on_drop: false }`
[INFO] running `Command { std: "docker" "rm" "-f" "c1f03608c60265f3d7f42990283001a4ff02c11b0e80be41b512a50a1206f49c", kill_on_drop: false }`
[INFO] [stdout] c1f03608c60265f3d7f42990283001a4ff02c11b0e80be41b512a50a1206f49c
